+ 61 - 149. Let c(o) = 140*o. Let h be c(1). Calculate the highest common factor of h and q.
20
Let d = 3 + -11. Let u be 1/4 - 102/d. Let c be 11*u + (-7)/(-7). Calculate the greatest common divisor of 16 and c.
16
Suppose -4*m + 5 = 5*j - 8, j + 5 = 3*m. Suppose 0 = 3*l - 10 + j. Calculate the greatest common divisor of 15 and l.
3
Let i be ((-12)/(-14))/(4/252). Suppose 0 = -u + 5 + 4. Calculate the highest common factor of u and i.
9
Let j(r) = 2*r**2 - 1 - 5*r + 8*r + 3. Let b be j(-4). Calculate the greatest common divisor of b and 55.
11
Let f be 0/(5/(5/(-2))). Suppose 18 + f = 3*g. Let k = 1 - -5. Calculate the highest common divisor of k and g.
6
Let t = 165 - 99. Calculate the highest common factor of 165 and t.
33
Let s be ((-5)/(-10))/((-2)/(-264)). What is the highest common divisor of 6 and s?
6
Let f = 73 - 35. Let n be f - 7/(21/6). Calculate the greatest common divisor of 24 and n.
12
Let n(r) = -4*r + 4. Let p be n(-4). Let g = 36 + p. Suppose 2*i - u - 19 = 0, 2*u = -0*u - 10. Calculate the highest common divisor of g and i.
7
Suppose 3*h = 6, 3*s + 9 = -h + 35. What is the greatest common divisor of s and 4?
4
Let z be 30/12 - (-1)/(-2). Suppose z*d - 6 = 6. What is the greatest common factor of 2 and d?
2
Suppose -w + 27 = 5*c, w + w - 5*c = -21. Let s be (-496)/(-10) - w/(-5). Let d = 713 + -708. Calculate the highest common divisor of d and s.
5
Suppose -52*n = -49*n - 63. What is the highest common factor of n and 63?
21
Let a = 10 - 7. Let r = 1 + 6. Let m = r + -4. Calculate the greatest common divisor of a and m.
3
Let u(o) be the third derivative of o**4/24 + 19*o**3/6 - 3*o**2. Let y be u(-9). What is the highest common divisor of y and 25?
5
Suppose -3*y - 6*y = -117. What is the greatest common factor of 52 and y?
13
Suppose 2*h = 3 + 1. Let z(x) = -h - 2 + 4 - 6*x. Let l be z(-4). Calculate the highest common factor of 36 and l.
12
Suppose -z = -0*z - 11. Let i(m) = m**2 - 8*m + 24. Let c be i(9). What is the highest common factor of z and c?
11
Let b = 27 - 11. Calculate the highest common factor of b and 128.
16
Suppose 17*o - 22*o = -880. Calculate the highest common divisor of 16 and o.
16
Let l be 10/16 + (-6)/(-16). Let r(c) = 30*c**2 + 3*c - 1. Let k be r(l). Calculate the highest common divisor of 4 and k.
4
Let a(i) = i**2 - 2*i - 2. Let s be a(3). Let d = -9 + 9. Suppose -2*z - 2 + 6 = d, 11 = 5*w + 3*z. Calculate the highest common factor of s and w.
1
Let p = -236 - -336. What is the highest common divisor of 20 and p?
20
Let n = 98 + -52. Suppose -3*l + 710 = 5*a - 2*l, -2*l - 413 = -3*a. Let p be (3 - a)*(-4)/8. Calculate the highest common divisor of n and p.
23
Let w = -7 + 28. Calculate the greatest common divisor of w and 42.
21
Suppose -14*j + 20*j = 108. Suppose -x + 2 = -0*x. Calculate the greatest common divisor of j and x.
2
Suppose 2*i = -2*i + 20. Suppose 0 = 5*o + v - 133, i*v = -4*o - 18 + 137. Suppose o = 3*t - 31. What is the greatest common factor of t and 152?
19
Let l = -8 + 18. What is the greatest common factor of 40 and l?
10
Suppose 2*y = -y. Suppose -5*l + 0*l + 630 = y. Let n(o) = o**3 - 2*o**2 - 5*o + 2. Let s be n(4). Calculate the highest common divisor of s and l.
14
Let v = -1 + 7. Suppose c = 3*o + v, 44 = 3*c + o + 6. Calculate the greatest common factor of 60 and c.
12
Let o(k) = k - 8. Let w be o(6). Let h be (8/w + 3)/(-1). Calculate the highest common divisor of h and 9.
1
Let d = -55 - -175. Calculate the greatest common factor of d and 15.
15
Let n be (72/20 - 4) + 336/15. Calculate the greatest common factor of 55 and n.
11
Let l(y) = y**2 + 4*y + 6. Let q be l(6). What is the greatest common divisor of q and 44?
22
Let p(d) = 3*d**2 - 24*d + 27. Let g be p(14). What is the greatest common divisor of g and 31?
31
Let g(c) = 2*c**2 + 15*c + 6. Let p be g(-10). Calculate the highest common factor of 140 and p.
28
Let q(h) = -h**3 + 10*h**2 - 5*h - 9. Let a be q(9). Suppose -102 = -5*w - a. What is the highest common divisor of 3 and w?
3
Let u be (-138)/(-33) + (-6)/33. Suppose 3*o - u*i = 20, i + 2 = -0. Suppose -3*n = -o*n + 11. Calculate the highest common divisor of 66 and n.
11
Suppose f - 4*f + 3*k + 639 = 0, f + k = 221. Calculate the greatest common divisor of f and 31.
31
Let a(i) = i + 1. Let s be a(5). Let o = 244 + -178. What is the greatest common factor of s and o?
6
Let d(s) = -9*s + 2*s**3 + 1 - s + 8*s**2 - s**3. Let z be d(-9). What is the greatest common factor of z and 25?
5
Let k be (-1)/(209/105 + -2). Suppose -36 - 6 = -u. What is the highest common divisor of k and u?
21
Let v = -9 + 24. Suppose -q + v = 2*q. Let b(n) = 41*n**3 - n**2. Let z be b(1). What is the greatest common divisor of z and q?
5
Suppose -9 = -4*k + 3*k. Suppose 0 = w + 2*w - k. Calculate the greatest common divisor of w and 1.
1
Let k be (19 + -1)*(-4)/(-3). Let s(d) = -2*d**2 + 15*d**3 + 3*d**3 + 4*d**3. Let l be s(2). Calculate the highest common factor of l and k.
24
Let x be 5 - 7 - 40/(-2). Suppose 2*v + 92 = 5*g, -4*g - v + 56 = -15. What is the greatest common divisor of x and g?
18
Suppose 0 = -3*q - 1 + 61. Suppose -5*z - a = -0*a - q, 3*a = 5*z - 20. What is the greatest common factor of 20 and z?
4
Let p be (-4)/(-8) - 90/(-4). Calculate the greatest common factor of 161 and p.
23
Suppose -96 = -8*x + 208. What is the highest common factor of x and 19?
19
Suppose -2*m = 2*r - 71 + 5, 4*m = 4*r + 148. Suppose 28 = 2*x - 0*x. What is the highest common divisor of m and x?
7
Let b(k) = -k - 5. Let r be b(-4). Let s be 0 + 65 + r - 1. What is the greatest common factor of 9 and s?
9
Let b be (13 - 8)*(-2)/(-2). Suppose -2*t + 63 = 5*w - t, 0 = w + b*t - 3. Calculate the highest common divisor of w and 91.
13
Suppose -15 = -2*l - 7. Calculate the greatest common divisor of 36 and l.
4
Suppose j + 17 = 2*y, 5*j + 2 = -2*y + 25. Let o = 45 - -18. Calculate the greatest common divisor of y and o.
9
Let r(p) = 63*p + 4. Let w(z) = 62*z + 3. Let o(v) = -4*r(v) + 5*w(v). Let q be o(2). Calculate the highest common factor of 46 and q.
23
Suppose 3*i - i - 14 = 0. Let z be (-1 + 4/(-3))*-3. What is the greatest common divisor of i and z?
7
Let b(w) = -8*w - 4. Let z be b(-3). What is the greatest common divisor of 20 and z?
20
Let j be (1/(-1) - -2) + 15. Suppose 0 = -r - 0*r + j. Calculate the highest common factor of r and 16.
16
Let i(m) = -m**3 + 6*m**2 + 6*m + 4. Let o be i(7). Suppose 0 = 5*n - 246 + 61. Let t = n - o. What is the highest common divisor of t and 5?
5
Suppose 23*t - 261 = 15. Suppose -4 = -5*j + 86. Calculate the highest common factor of j and t.
6
Let b(t) = t**3 - 2*t**2 - 2*t + 6. Let w be (-16)/6*27/(-18). Let i be b(w). Calculate the highest common factor of 75 and i.
15
Let v = 10 + -8. Let f be -6 - (0/v - 2). Let s = f - -10. What is the highest common factor of 3 and s?
3
Suppose -4 = -3*v - v. Suppose b - v = 1. Let w = b - -3. What is the highest common divisor of 10 and w?
5
Suppose 0 = -0*o + o - 4. What is the highest common divisor of o and 8?
4
Let j = 0 - 0. Suppose m - 3*m + 20 = j. Suppose m = -c - c, 3*p - 22 = 2*c. What is the greatest common divisor of p and 8?
4
Suppose 5*i - 60 = -5*n + 30, 5*i + 3*n = 100. What is the highest common divisor of 46 and i?
23
Suppose 2*o - 2*c = 8, -3*o + 0*o + 2 = -5*c. Calculate the highest common divisor of 9 and o.
9
Let l be (1 - -29)/(2 + -1). Let w = 5 + -8. Let t(g) = g**2 + g. Let f be t(w). Calculate the greatest common factor of l and f.
6
Suppose 280 = 5*t - t. Suppose -2*r - t = -7*r. Calculate the greatest common factor of 56 and r.
14
Let w be -2 - -3 - 1 - 2. Let i be 17/(((-3)/w)/3). Let b be i - 0 - (3 + -1). What is the highest common divisor of 80 and b?
16
Suppose 0*c = -5*c + 120. Let d be 122/10 - (-2)/(-10). Let o be (d/(-16))/((-1)/8). What is the greatest common factor of c and o?
6
Let p be 21 + 3*(-2)/(-3). Suppose 5*r = -h + 34, 3*h = r - 1 + p. What is the greatest common divisor of 63 and h?
9
Suppose -3*d + 9 - 47 = -5*c, 0 = -d + c - 12. Let p = 4 - d. Suppose w = 5 - 0. What is the highest common factor of w and p?
5
Let r(k) = -16*k**3 - 3*k**2 - 2*k. Let f be r(-1). Calculate the highest common divisor of 105 and f.
15
Let o(l) = -l + 8. Let y be o(6). 